e
Does 1930 divide 128454341?
False
Does 34 divide 350126047?
False
Is 1556 a factor of 19460892?
True
Is 719088677 a multiple of 109?
False
Does 20 divide 906264753?
False
Does 205 divide 110102220?
True
Does 91 divide 19040294?
True
Does 1318 divide 455155484?
True
Is 599 a factor of 2606848?
True
Is 3068406 a multiple of 16?
False
Is 403 a factor of 18580718?
True
Does 4530 divide 30312028?
False
Does 281 divide 121394042?
False
Is 109 a factor of 25512104?
True
Is 5785 a factor of 443802060?
True
Is 1587800995 a multiple of 117?
False
Is 168 a factor of 2860879398?
False
Does 17 divide 433372381?
True
Is 167 a factor of 1639558739?
True
Is 3400 a factor of 297714200?
True
Is 11468 a factor of 1496414917?
False
Is 29396777 a multiple of 61?
False
Is 11295001 a multiple of 251?
False
Does 9 divide 72536526?
True
Is 410963220 a multiple of 90?
True
Does 860 divide 128399720?
True
Is 2332297944 a multiple of 2292?
True
Is 7559560 a multiple of 68?
True
Is 17 a factor of 109551795?
False
Does 70 divide 595741724?
False
Is 129 a factor of 13468193?
False
Is 18835893 a multiple of 23?
False
Does 8 divide 76016976?
True
Does 6527 divide 759227167?
True
Is 88352588 a multiple of 307?
False
Does 69 divide 79047973?
False
Does 260 divide 698737747?
False
Is 1543507836 a multiple of 16?
False
Is 53 a factor of 900700020?
True
Does 1734 divide 683196?
True
Is 2303 a factor of 111528858?
False
Is 31 a factor of 69233633?
True
Is 12 a factor of 444300?
True
Is 172 a factor of 134446380?
True
Is 13 a factor of 1039198458?
False
Is 4156 a factor of 3149348297?
False
Is 17762210 a multiple of 333?
False
Is 72149259 a multiple of 93?
False
Is 2781 a factor of 774788519?
False
Is 3 a factor of 19120206?
True
Is 13 a factor of 16264339?
True
Is 128521906 a multiple of 113?
True
Is 271 a factor of 17344000?
True
Does 5867 divide 1009887765?
False
Is 70 a factor of 655002581?
False
Is 2526 a factor of 136555259?
False
Is 9663888 a multiple of 312?
True
Is 2 a factor of 5479298?
True
Does 134 divide 129942346?
True
Is 3044 a factor of 56036996?
True
Is 896995000 a multiple of 11?
True
Does 65 divide 68304730?
True
Does 1933 divide 61999663?
False
Is 34 a factor of 151984216?
True
Is 76 a factor of 136322593?
False
Does 96 divide 747796320?
True
Is 120534543 a multiple of 1171?
True
Does 25 divide 178304800?
True
Is 23803648 a multiple of 88?
True
Is 6 a factor of 107847972?
True
Is 2752 a factor of 40682816?
True
Is 4 a factor of 724194643?
False
Is 532521 a multiple of 35?
False
Is 11 a factor of 41910298?
False
Is 1320722 a multiple of 158?
True
Is 219 a factor of 1220183247?
True
Does 10 divide 210175700?
True
Is 12 a factor of 35924148?
True
Does 2310 divide 29942220?
True
Is 12358944 a multiple of 156?
True
Is 6245 a factor of 1481838580?
True
Is 9302797 a multiple of 1164?
False
Does 1192 divide 3547693288?
False
Does 120 divide 250766400?
True
Is 377002239 a multiple of 809?
False
Is 1519552695 a multiple of 971?
False
Is 269 a factor of 1663450372?
False
Is 6 a factor of 30315941?
False
Does 225 divide 78492955?
False
Does 1213 divide 101113254?
True
Is 570272976 a multiple of 273?
True
Does 17 divide 2633670483?
False
Is 4356 a factor of 2714197464?
True
Is 37 a factor of 609241593?
True
Does 267 divide 65269752?
True
Does 40 divide 39043489?
False
Is 147 a factor of 49988967?
True
Does 841 divide 1069752?
True
Is 25657178 a multiple of 34?
False
Does 25 divide 6096434?
False
Is 104 a factor of 2942645?
False
Is 1436 a factor of 29043100?
True
Is 116758299 a multiple of 179?
True
Is 77 a factor of 84875171?
False
Is 330009200 a multiple of 100?
True
Is 1951 a factor of 1640089848?
False
Does 4866 divide 151370731?
False
Does 1949 divide 378003752?
False
Is 177 a factor of 488475042?
True
Is 56352137 a multiple of 239?
True
Does 15 divide 306929970?
True
Is 1468770292 a multiple of 44?
True
Is 24 a factor of 21924930?
False
Is 77483175 a multiple of 385?
True
Is 1196 a factor of 24602387?
False
Does 5519 divide 1077396012?
False
Is 3 a factor of 8349588?
True
Is 88762338 a multiple of 1938?
True
Does 192 divide 16942566?
False
Is 41442555 a multiple of 82?
False
Is 4576718120 a multiple of 18?
False
Is 1343373927 a multiple of 8391?
True
Does 12 divide 2396579065?
False
Is 816251331 a multiple of 433?
True
Does 212 divide 1111079704?
True
Does 278 divide 148077256?
True
Is 161 a factor of 84969752?
False
Is 47507568 a multiple of 58?
True
Is 98160663 a multiple of 95?
False
Does 1976 divide 362437693?
False
Does 197 divide 95481727?
False
Is 328 a factor of 2170376?
True
Does 4063 divide 46797634?
True
Does 738 divide 11049596?
False
Does 16 divide 490000?
True
Is 168 a factor of 41502888?
True
Is 1868117095 a multiple of 10205?
True
Does 38 divide 792015198?
False
Is 22 a factor of 264329714?
True
Is 56 a factor of 13475890?
False
Is 796488224 a multiple of 32?
True
Does 113 divide 953439986?
True
Is 902 a factor of 40710159?
False
Is 787571460 a multiple of 20?
True
Is 140230593 a multiple of 299?
False
Does 67 divide 808686833?
False
Is 8 a factor of 208730642?
False
Is 11420350 a multiple of 4?
False
Is 533324364 a multiple of 123?
False
Is 8 a factor of 957328568?
True
Is 22 a factor of 876653802?
False
Is 155 a factor of 969406270?
True
Is 137 a factor of 216534843?
False
Is 8372718 a multiple of 10?
False
Is 1003 a factor of 31428002?
True
Is 45 a factor of 743113727?
False
Is 291 a factor of 6263775?
True
Is 854134714 a multiple of 82?
True
Is 113 a factor of 3268783348?
False
Does 15 divide 265748272?
False
Is 22331603 a multiple of 677?
False
Is 891 a factor of 1673965359?
True
Is 914792678 a multiple of 1598?
True
Does 114 divide 182386206?
True
Is 6934 a factor of 279426332?
True
Does 14 divide 105703399?
False
Is 282 a factor of 50523402?
True
Is 469496639 a multiple of 21?
False
Is 73876968 a multiple of 527?
True
Is 2296 a factor of 794365488?
True
Does 1595 divide 176303110?
False
Is 204 a factor of 1567749996?
True
Does 810 divide 138698157?
False
Does 59 divide 2338712148?
False
Is 307933632 a multiple of 144?
True
Is 852105708 a multiple of 37?
True
Is 64 a factor of 191892800?
True
Is 693 a factor of 19825041?
False
Does 26 divide 18519130?
False
Is 42650630 a multiple of 38?
True
Is 80 a factor of 6816720?
True
Is 5 a factor of 8639195?
True
Is 74535402 even?
True
Does 258 divide 146743434?
True
Is 253 a factor of 1971588?
False
Is 17 a factor of 1329837862?
False
Is 1053118327 a multiple of 9?
False
Does 38 divide 326957244?
True
Is 3337 a factor of 50775959?
False
Is 1474 a factor of 31527738?
False
Does 348 divide 35629522?
False
Is 12 a factor of 911874456?
True
Does 930 divide 120276668?
False
Is 1136360826 a multiple of 486?
True
Is 213 a factor of 824829081?
True
Is 2 a factor of 23981868?
True
Is 302738378 a multiple of 9?
False
Does 362 divide 1391890?
True
Is 1633283455 a multiple of 12?
False
Is 3 a factor of 485780891?
False
Does 2 divide 241369172?
True
Is 413726469 a multiple of 49?
False
Is 57 a factor of 59717208?
False
Is 2203266020 a multiple of 7723?
False
Does 4703 divide 36584637?
True
Does 123 divide 18881976?
True
Is 13015563 a multiple of 451?
False
Is 88 a factor of 284342080?
True
Does 1197 divide 527718484?
False
Is 575242532 a multiple of 34?
True
Is 962 a factor of 54957897?
False
Does 24 divide 96226743?
False
Is 216372900 a multiple of 300?
True
Is 278 a factor of 68280195?
False
Is 65 a factor of 118863875?
True
Is 255929650 a multiple of 50?
True
Is 1524474 a multiple of 18?
True
Does 10 divide 100889380?
True
Is 612299427 a multiple of 8?
False
Is 1187853594 a multiple of 173?
False
Is 189 a factor of 5408716?
False
Does 802 divide 11207950?
True
Is 111682007 a multiple of 21?
False
Does 1404 divide 13232700?
True
Is 12731221 a multiple of 5?
False
Is 83510218 a multiple of 10?
False
Is 25 a factor of 13324291?
False
Is 2199 a factor of 22913580?
True
Does 524 divide 64723925?
False
Is 1637359531 a multiple of 124?
False
Does 6 divide 7398185?
False
Is 76169667 a multiple of 21?
True
Does 758 divide 13938862?
True
Is 412744950 a multiple of 30?
True
Does 22 divide 7906206?
True
Is 3 a factor of 979476?
True
Is 293079807 a multiple of 3477?
True
Is 16 a factor of 18477730?
False
Is 2209272 a multi